 -2b0d + 1d?
-2ae0
In base 12, what is -161 + 43?
-11a
In base 9, what is 243532 + 25?
243557
In base 14, what is -1bb93d - -1?
-1bb93c
In base 10, what is 8 - 6082?
-6074
In base 11, what is 1032667 - 5?
1032662
In base 2, what is 1101100110 - -101111?
1110010101
In base 2, what is 10101000100111 - -100011?
10101001001010
In base 6, what is 3315 + 113?
3432
In base 9, what is -7720 - 17?
-7737
In base 9, what is 134 - -488?
633
In base 11, what is 4 + -43768?
-43764
In base 4, what is -1103130 + -100301?
-1210031
In base 4, what is 1 - 21303?
-21302
In base 6, what is -2253 + 13253?
11000
In base 6, what is -12 + 1242410?
1242354
In base 13, what is -7887 + 20?
-7867
In base 9, what is 130580 - 5?
130574
In base 14, what is -5 - 10572?
-10577
In base 11, what is 2 + 10652?
10654
In base 16, what is -a5dcf + -4?
-a5dd3
In base 10, what is -127 + 18993?
18866
In base 8, what is 660 - 1546?
-666
In base 13, what is aa + 164?
241
In base 10, what is 2032 - 22?
2010
In base 7, what is -11455 + 114?
-11341
In base 2, what is 0 - 10101011110?
-10101011110
In base 5, what is 10 + -141342113?
-141342103
In base 11, what is -6892 - -6?
-6887
In base 12, what is 7 + -8a3?
-898
In base 6, what is 4503334 - -21?
4503355
In base 14, what is -5 + 27bc1?
27bba
In base 11, what is -11 + -118a5?
-11906
In base 2, what is 11110000000 - -100101100?
100010101100
In base 4, what is -11 + 2300311?
2300300
In base 13, what is -4a0c7 + 3?
-4a0c4
In base 4, what is 113003302 + 30?
113003332
In base 15, what is -55b2 - 5?
-55b7
In base 8, what is 40606 + 6?
40614
In base 7, what is 300126 + 1?
300130
In base 6, what is 34505 - 4?
34501
In base 6, what is -4532 - 252?
-5224
In base 15, what is -b0 - -19b?
db
In base 13, what is -1 - 825b?
-825c
In base 12, what is 0 - -20944?
20944
In base 6, what is 1 + 231455?
231500
In base 4, what is -1 + -320120013?
-320120020
In base 5, what is 14 - 1040410?
-1040341
In base 2, what is 1100011101110100 - 1?
1100011101110011
In base 15, what is -16 + 939?
923
In base 6, what is 1054 + -23522?
-22424
In base 16, what is -473 - -38?
-43b
In base 11, what is 8609 + -5?
8604
In base 16, what is -4 - -52480?
5247c
In base 11, what is 7365 - -5?
736a
In base 9, what is -5 - 53210?
-53215
In base 13, what is ba0 - 425?
778
In base 13, what is -1 - -1a6a1b?
1a6a1a
In base 5, what is 11134213 + -2?
11134211
In base 15, what is 1c4e + 1?
1c50
In base 2, what is 1110011011010011 + 101?
1110011011011000
In base 2, what is -10100 - -11010110001110?
11010101111010
In base 5, what is 240203 - 24?
240124
In base 15, what is ed8 + 17?
1000
In base 8, what is -2 - 365?
-367
In base 12, what is -14 - -878?
864
In base 11, what is 1087 - -79?
1155
In base 7, what is -54325 + -126?
-54454
In base 3, what is -20 + 2202110100?
2202110010
In base 16, what is -43 + -3206?
-3249
In base 6, what is 2 - 3304201?
-3304155
In base 5, what is -24421 - 22324?
-102300
In base 7, what is -4 - -224?
220
In base 16, what is 11 - c02?
-bf1
In base 9, what is 7 + 0?
7
In base 8, what is -14 - -361772?
361756
In base 3, what is 0 - 100221?
-100221
In base 6, what is -53042 + -5?
-53051
In base 10, what is -4357 - 157?
-4514
In base 12, what is 2 + -618462?
-618460
In base 11, what is -3 - 183046?
-183049
In base 15, what is -34 + -52b6?
-52ea
In base 16, what is -1c1a - 7?
-1c21
In base 11, what is -7213 + 350?
-6973
In base 3, what is 2211 + -21002?
-11021
In base 16, what is -5c8b + -2?
-5c8d
In base 5, what is -1 + 1321342?
1321341
In base 16, what is 50dd + -8?
50d5
In base 9, what is -10 - 6771?
-6781
In base 14, what is 3c8 - -571?
959
In base 13, what is -1603 + -1b3?
-17b6
In base 15, what is 4 - -1aca4?
1aca8
In base 16, what is -f - -12ad?
129e
In base 13, what is 4 - 27b75?
-27b71
In base 14, what is -1757b - -17?
-17564
In base 13, what is -1565b69 + 1?
-1565b68
In base 14, what is 16ac4 + -2?
16ac2
In base 9, what is -66352 - -5?
-66346
In base 4, what is -20 - 31103?
-31123
In base 8, what is -2 + 11353?
11351
In base 7, what is 61 + 23620?
24011
In base 6, what is -5 - 131143?
-131152
In base 7, what is 3 + 2652605?
2652611
In base 12, what is -287600 - 1?
-287601
In base 7, what is -561660 - -2?
-561655
In base 8, what is 74 - 21644?
-21550
In base 13, what is 4 - -591a?
5921
In base 8, what is -46204 + 10?
-46174
In base 13, what is b8 + 9a4?
a8c
In base 15, what is -18 + -37e5?
-380d
In base 6, what is 4 - 1520245?
-1520241
In base 14, what is 3 - -24586?
24589
In base 8, what is 107 + 105610?
105717
In base 11, what is 8aa + 25?
924
In base 13, what is 33959 + -2?
33957
In base 13, what is -1196 + 281?
-c15
In base 3, what is -1 + -21120001?
-21120002
In base 2, what is -1011000 + 10111?
-1000001
In base 13, what is 3 - 107a6?
-107a3
In base 8, what is -3157 - -10?
-3147
In base 6, what is -202542 + 42?
-202500
In base 15, what is -5 - 5645?
-564a
In base 13, what is -18 + -49b?
-4b6
In base 7, what is -4 - -136065?
136061
In base 14, what is 7538 + -26?
7512
In base 6, what is 5100025 + 12?
5100041
In base 4, what is -223202030 + 11?
-223202013
In base 8, what is 24 - 14424?
-14400
In base 10, what is 7903 - 43?
7860
In base 11, what is -17 - 6aa?
-716
In base 9, what is -1 - -28373?
28372
In base 2, what is -10110 - 11000010111001?
-11000011001111
In base 14, what is 6 + -98028?
-98022
In base 16, what is 1bb7 + -2f7?
18c0
In base 14, what is 9327 + -27?
9300
In base 11, what is -5a - -477?
418
In base 13, what is -9c + -483?
-552
In base 6, what is -315 + -1252?
-2011
In base 8, what is 40 + 15737?
15777
In base 2, what is 11 - -101010110100011110111?
101010110100011111010
In base 7, what is -15 + -1353?
-1401
In base 16, what is 8e - -bd5?
c63
In base 7, what is 4111 - 135?
3643
In base 5, what is -1144 - 20?
-1214
In base 2, what is -11 - -1100101000101000?
1100101000100101
In base 5, what is 104 + 212223?
212332
In base 15, what is 694 - -9?
69d
In base 7, what is 45 + 23323?
23401
In base 9, what is 4 - -768154?
768158
In base 11, what is 36 + -1207?
-1181
In base 15, what is -1c1 - -490?
2be
In base 10, what is -23951 - 5?
-23956
In base 14, what is 26c2 + -3?
26bd
In base 3, what is 221102012 - -22?
221102111
In base 15, what is -165 + c64?
aee
In base 15, what is -26e + 119a?
e2b
In base 15, what is -4cc + 1a1?
-32b
In base 16, what is c0 + -262?
-1a2
In base 16, what is -326c + -9f?
-330b
In base 16, what is 96 - 814?
-77e
In base 5, what is 1 - -43241?
43242
In base 7, what is 0 + 4211565?
4211565
In base 5, what is -1040 + 340142?
334102
In base 15, what is -4 + 36936?
36932
In base 16, what is 7c + -12c?
-b0
In base 13, what is 6b + 2a3c?
2aaa
In base 4, what is 3212 + -10032?
-220
In base 14, what is -4 + a18?
a14
In base 15, what is 6b - b0?
-44
In base 8, what is 564 + -540?
24
In base 14, what is 3410 - -2?
3412
In base 16, what is -d + -654?
-661
In base 14, what is 3 + -c6c?
-c69
In base 5, what is -21134 - -1312?
-14322
In base 9, what is 61 + -267?
-206
In base 16, what is -575 - 16?
-58b
In base 10, what is 1193377 - 3?
1193374
In base 12, what is -719 + -626?
-1143
In base 13, what is -1 + -56822?
-56823
In base 16, what is 1e - 258e?
-2570
In base 8, what is -3 - 105410?
-105413
In base 10, what is 13197 + 5?
13202
In base 12, what is 26b91a + 4?
26b922
In base 16, what is -4 - 4fe?
-502
In base 5, what is 111103 + 244?
111402
In base 5, what is -1133403 - 1?
-1133404
In base 11, what is 131 - 24?
108
In base 11, what is -98 - -214?
127
In base 13, what is -233 + 745?
512
In base 2, what is 111110010000 + -110011?
111101011101
In base 4, what is -23313231313 - 2?
-23313231321
In base 2, what is -100 - -100101010000111?
100101010000011
In base 2, what is 1000100101101101111 + -1?
1000100101101101110
In base 10, what is -4 - 6897?
-6901
In base 5, what is -221 + -323?
-1044
In base 3, what is -11 + 210221222012?
210221222001
In base 8, what is 52163 - -2?
52165
In base 15, what is ea + -1e0?
-e5
In base 9, what is 0 + -1050?
-1050
In base 8, what is -1634 - 1427?
-3263
In base 12, what is 5 + 29a1?
29a6
In base 14, what is 19db96 - 5?
19db91
In base 12, what is -957 + -8?
-963
In base 12, what is 5 - -6400?
6405
In base 9, what is -43730 + 2?
-43727
In base 12, what is 6 - -8297a?
82984
In base 3, what is 10 - 220110120?
-2